4 - 6 - 19) - ((-11 - -3) + 1)?
58
What is the value of -23 - 90 - (-1 - 17 - (-97 - -99))?
-93
Evaluate 1 + 50 + (-15 + -4 - (-130 - -123)).
39
Evaluate (4 + -7 - -13) + (24 - -28) + -109.
-47
What is 20 - (6 + 2 + -1 + 9) - (0 - 73)?
77
13 + 2 + (140 - (209 - 178))
124
What is 7 - (1 + -1) - (37 + (-35 - 21) + 16)?
10
Evaluate (-7 + -5 - (-4 + 9)) + -27.
-44
What is the value of (8 - (-6 + 34 + 1)) + -19?
-40
What is the value of (-10 - -1) + 0 + -1 + 3 + -3 + -35?
-45
-321 + 359 + 31 + 3
72
47 - 3 - (52 + -3)
-5
Calculate 79 - 3 - (-2411 + 2469).
18
63 + -24 - 16 - 41
-18
What is (882 - 896 - (-51 + 2)) + 47?
82
58 - (17 - 10 - 27) - -22 - 12
88
Evaluate (0 - 4 - -20) + 8 + 32.
56
Calculate -12 + 34 + (14 - (5 + 59)).
-28
What is the value of 64 + -47 - 42 - (-161 - 2)?
138
What is the value of 12 + (-15 - -21) - (16 - 54)?
56
Evaluate (2 - 3) + -1 - ((30 - (27 + -27)) + 104).
-136
Evaluate (-39 - (45 + 41)) + 67.
-58
What is the value of -15 + 9 - (-10 - -3) - (245 + -176)?
-68
Calculate -100 + (46 + -101 - -105).
-50
Evaluate (-30 - (3 + -8 + 30)) + -1.
-56
What is the value of -6 + (-8 + (-13 - -6) - -9)?
-12
8 + (12 - (-15 + 10 + 7 + 65))
-47
Evaluate -22 + -38 + 15 + 107.
62
Calculate (-1 - 75 - (-29 + 9)) + 10 + 1.
-45
Calculate 116 - (170 + -30 + -87).
63
Evaluate -3 + (2 - 5) + 7 + (-46 - (-85 + 53)).
-13
What is the value of 32 + -9 + 1 + -88?
-64
Calculate 36 + (25 + -5 + -17 - (1 - 9)) + -11.
36
What is 3 + (-30 - (-149 + 119))?
3
(13 - (10 - -2) - -22) + -13 + -34 + 1
-23
Calculate (-34 - -56 - -30) + -17 + 56.
91
Calculate -62 + -2 + -17 + 19 + (-2 - 2).
-66
What is the value of 16 + -5 + 469 + -493?
-13
(3 - 1) + -51 + 21 + -26 + 33
-21
Calculate -3 + (4 + -7 + 2 - 10) + 11 + 6.
3
What is -2442 - -2509 - (-2 - -75)?
-6
What is the value of 12 + (-4 - 21) - (77 - (-21 + 43))?
-68
What is (21 - 124 - -48) + 124?
69
What is the value of -9 + 0 + 0 + (0 - -65) + -8337 + 8327?
46
24 + -9 - (71 + -1 + (-136 - -146))
-65
Calculate -4448 + 4323 + (-2 + -4 - (-1 - 1) - -1).
-128
Evaluate 31 + -2 + 0 + (21 + -21 - -2).
31
Evaluate 19 - (-17 - 4 - -39) - 16.
-15
Evaluate (-20 + (-6 - 4) - 16) + (10 - 1).
-37
-24 + 2 - (88 - 65)
-45
Calculate -11 + (2 + -9 - (-2 - (-13 - -13))).
-16
(36 - (55 + -41)) + -51
-29
-13 + -2 - (-136 - -197) - -9
-67
1 - (-1 + -2) - 3 - (-6 - (-47 - -139))
99
Evaluate -8 + -33 - -48 - -37.
44
Evaluate -7 + (-3 - (-1 + 3)) + (83 - (37 - 3)).
37
What is -3 + (-30 + 1 - (308 + -330)) - (-101 - 2)?
93
Calculate -77 + 93 - -23 - -29.
68
-37 - -53 - (-8 + 21)
3
What is (-1 - -21 - (10 - -37)) + -13?
-40
What is -33 - (23 + (16 + -12 - 11))?
-49
What is the value of -21 + (-60 - -77) + 65?
61
What is the value of 1 + -77 + (9899 - 9862)?
-39
What is 9 + (-29 - (26 - 3)) + 27?
-16
Calculate 1 + (1 - 0) + -33 + (65 - (57 - -6)).
-29
(-11 - -25 - 3) + (1 - 6) + 5 + -61
-50
Calculate -2 - 0 - (450 - 464) - -11.
23
-28 - (-46 + 33 + 3)
-18
Evaluate 50 - (42 + -41 - 7).
56
89 - 77 - -18 - (11 - 58)
77
What is the value of 141 + -120 + (-122 - (17 + -10)) + 6?
-102
What is the value of 1342 + -1350 - (-42 + 1)?
33
What is the value of (3783 - 3720) + (3 - 1)?
65
What is -44 - (-23 + -22) - (1 - 24)?
24
Calculate -25 + 0 - (1479 + -1456) - 36.
-84
What is 10 + -3 + 1 + -9 + (-20 - -10)?
-11
What is 18 + (1 + -6 + -4 - -8) + -7 - 41?
-31
(-7532 - -7605) + 1 + -124
-50
11 - (16 - 9 - (-2 + -6) - -12)
-16
What is (1 + -33 - (5 + -2)) + (-554 - -538)?
-51
Evaluate -70 + (25 - 35) + -14.
-94
Calculate (-2 - -3) + (9 + 0 + -8 - (-15 - -25)).
-8
What is -59 - (62 + -257) - 136?
0
-3 + ((16 - 12) + 11 - 5 - -3)
10
Calculate -76 + (-5 - (26 + -63)).
-44
23 + (-2 + 8 + 14 + -10 - (11 - 0))
22
Calculate -4 + 1 - (77 - (-18 - (23 + -25 + 1))).
-97
(14 - 22 - -3) + 10 - 77
-72
Calculate -1 + 29 - (97 + (-43 - 66)).
40
Calculate 95 + -101 + (3 - (-2 + -30)).
29
Calculate -23 - (-13 + (-13 - (9 + 61))).
73
What is the value of -1 + -19 + (-112 - -103) + -34?
-63
What is 22 - ((1 - 0) + 17 - (27 - 15))?
16
What is the value of -21 - (22 + (-23 - (19 + -40)))?
-41
What is -41 - -59 - (16 - 0) - (3 - 23 - -9)?
13
Evaluate 18 + (30 - 11) + -7 + (-11 - -2).
21
51 + (-39 - (-8 + 14))
6
Calculate 2 - ((114 + -8 - 4) + 4 - 3).
-101
Calculate -7 + -24 + 44 + 11 + -92.
-68
39 + -28 - 45 - -65
31
-17 + (11 - 16 - -15) + (-10 - 3)
-20
What is (-19 - -34) + 74 - 14?
75
Evaluate -6 - (-27 + (16 - (6 + 21))).
32
Evaluate 28 + 1 + -4 + (9 - (13 - 10)) + 1.
32
-24 + (106 - -1) - 39
44
What is the value of 56 - (-6 + 14 + -24 + -11 + 10)?
73
What is -34 + (-51 - -20) - -60?
-5
-8 + (-15 - (-12 + -82)) + -1
70
What is -49 - (24 + 10 + -56) - -59?
32
What is the value of -5 - 1 - (-168 - -159) - 74 - (-7 + -6)?
-58
What is (-6 - (30 + (14 - 11 - 2))) + -15?
-52
Calculate 26 - (-29 - (-105 - -17)) - -3.
-30
Evaluate 35 - (24 + -4) - 26 - 3.
-14
7 + -4 - (-2 - (5 + (-22 - -6)))
-6
Evaluate 9 + 2 + (-33 - 2 - (118 - 127)).
-15
Calculate 5 + -2 + (24 - -1) - (125 - 184 - -71).
16
Calculate 0 - (-6 + -3 + (-28 + -4 - (40 - 44))).
37
What is 98 - (-22 + (29 - -31) - 13)?
73
Evaluate 8 - (11 - (40 + -17 + 45)).
65
Evaluate (-12 + 19 - -1) + (-10 - (2 - 5)).
1
Evaluate 15 - (97 - (16 + -18 + 3 - -12)).
-69
Evaluate 32 - ((3 + -6 - -5 - 1) + (63 - 74)).
42
What is the value of -234 - -306 - (2 + 35)?
35
Evaluate (14 - 48) + 10 - (-24 - 40).
40
What is (-29 + 7 - (10 + -18 + 1)) + 9?
-6
27 - (33 + -38 + -29 + -7)
68
What is (-13 - -15 - -31) + 22 + -1?
54
-1 + -2 + 10 - (144 + (27 - (108 + 0)))
-56
What is 44 + -1 + 23 + -28 + -7 + 2?
33
Calculate -83 - (5 - 34) - (5 - 16).
-43
What is (137 - 137) + 2 + 1 + 2 - (7 - 0)?
-2
What is (-5 - 10) + (20 + -3 - (-44 - 16))?
62
6 + -37 - 10 - -18
-23
What is the value of 84 - (-19 + 48 + 29)?
26
Evaluate -10 + (-81 + -7 - (32 + -62)).
-68
Evaluate -7 - (-60 + -5) - (223 + -197).
32
What is the value of -234 - -225 - (2 - (4 + 4 - 3)) - -52?
46
What is -15 + (-18 - 29) + 65 + -117?
-114
16 - (12 + -18 - -7)
15
What is -4 + (90 - 85 - (6 - 0) - 96)?
-101
Calculate -23 + 53 - ((3 - 1) + 7 + (-3 - 8)).
32
Evaluate 22 - (2 + 7) - (4 - (-1 + -14)).
-6
What is 1 - ((4 - -34 - -15) + -20)?
-32
Evaluate 77 - (0 - 16 - (-156 - -170)).
107
(44 - 27) + (-70 - -30) + -30
-53
Calculate (-15 - (49 + -62)) + 27.
25
-4 + 17 - (-66 + -2 + (13 - -1))
67
What is the value of 14 - (46 + 12 + -5 + 0)?
-39
Evaluate 96 + -48 + -78 + 1.
-29
Evaluate -14 - (-90 - (-45 - (-66 - 29))).
126
Calculate -38 - (76 - 122) - 2.
6
Calculate 0 + -12 + (3 - (-10 + 5 - 0)) + 25.
21
Evaluate -29 + (-65 - (54 + -97)).
-51
-35 + (26 - (169 - (25 + -2)))
-155
(-807 - -834 - (58 + 1)) + 87
55
What is (1 + -1 - 0) + 2 - (-68 + -99 + 162)?
7
What is the value of -7 + 34 + -43 + -16 + 13 + 0?
-19
What is -3 - (62 - 41) - (-22 - -2)?
-4
What is (15 - 37) + -6 + 25 + (-9 - -11)?
-1
Calculate (-6 - -17) + (17 - 59) + 21 + -44.
-54
Calculate -23 + -1 - -25 - -11 - (90 + -2 + -2).
-74
What is the value of 0 - 0 - (10067 + -10003)?
-64
Calculate -111 + 132 - (45 - (0 + -15)).
-39
Calculate -34 + (4 - -8) + (29 - 27).
-20
Evaluate -42 + (-10 - ((-38 - -15) + 24)).
-53
(703 - 554) + -117 + 2
34
What is the value of -93 + 95 + -33 - -71?
40
What is (-25 - -19) + (-1 - -6) + (-18 - -98)?
79
Evaluate -10 + 2 + (62 - 47) - 36.
-29
What is the value of (-9 - (1 + -3)) + ((11 - 11) + -8 - -39)?
24
Calculate -71 + (202 - 64) + 6 + -28.
45
Evaluate (2 - -13) + 235 + -368 + -2 + (-1 - -3).
-118
22 - (-19 - (-59 - (-20 + 33)))
-31
114 - 135 - (5 + -5 + -2 - (2 + -6))
-23
0 + 16 - ((6 - 41) + 33)
18
Calculate -84 - ((55 - 41) + -75).
-23
Calculate (-24 + -20 + 33 - 13) + 0.
-24
84 + -176 - (-160 - -7)
61
11 + (-8 - 3) - -47 - (9 + -10 + -4)
52
Calculate (-4 - (-28 + -4)) + -15 + (26 - 3).
36
What is the value of (-3 + 3 + -33 + 7 - 9) + 19 + -13?
-29
What is the value of -760 + 773 + -3 + 37?
47
Calculate -4 - (-40 - (-117 - -67)).
-14
7 + (-8 - ((29 - 11) + -148) - 12)
117
What is the value of 6 + -1 + (69 + -24 - 35)?
15
What is the value of -72 + (-9 - -19) - -11 - (-1 + -9)?
-41
What is 6 - (-16 + 2 + 1 - (-173 + 209))?
55
-11 + -1 + (30 - (6 + -10 + 9))
13
Evaluate (-88 - -38) + 50 - -8.
8
What is the value of 32 - 43 - (6 - (4 + 26))?
13
16 + (-30 - -3 - 13) + 55
31
What is the value